 -55. Suppose 0 = -5*j - 0*q + 4*q - 12, q - 3 = 4*j. Suppose 0 = -j*l + l - a. Is 37 a factor of l?
False
Let i(u) = u**3 + 46*u**2 - 38*u - 18. Does 12 divide i(-46)?
False
Suppose 662 = -2*f + 4*f + 3*p, -p - 1621 = -5*f. Let i = 456 - f. Is 12 a factor of i?
False
Suppose 11*r - 10*r = 170. Is r a multiple of 15?
False
Let z = 431 + 810. Is 16 a factor of z?
False
Let r(g) = 2*g**2 - 1. Let q(u) = -5*u**2 + 34. Let n(b) = -q(b) - 2*r(b). Is 16 a factor of n(-16)?
True
Suppose -18*r - 3*r + 13251 = 0. Is 18 a factor of r?
False
Let o(w) = w**2 - 8*w + 5. Let q be o(11). Does 19 divide 4/(-24)*0 + q?
True
Is (-8)/(-36)*1 + (-35622)/(-81) a multiple of 11?
True
Suppose 50*g - 2 = 49*g. Suppose r = -3*r + 16, -g*r = -5*b + 742. Does 15 divide b?
True
Let o(p) = p**3 + 2*p**2 - 5*p + 284. Is o(0) a multiple of 49?
False
Let j(m) = m**3 + 16*m**2 - 17*m + 24. Let p be j(-17). Is 2 a factor of -5 + 2 + p + 4?
False
Suppose 9 = 5*p - 1. Let q(f) = -14*f + 190. Let b be q(13). Suppose -2*a = -p - b, -20 = -3*x - a. Is 3 a factor of x?
False
Let f(n) = -2*n**2 - 25*n - 35. Let r be f(-11). Is 8 a factor of r + (-28)/(-20) - (-566)/10?
True
Let c = 43 + 900. Is 22 a factor of c?
False
Suppose -5*u + 2480 - 863 = 2*c, 0 = 4*c - 5*u - 3189. Is 7 a factor of c?
False
Suppose -3 = -4*x + o, -3*x + 0 = -5*o + 19. Suppose 3*q - 4*q = -x. Is 11 a factor of (3/12)/(q/328)?
False
Suppose -3*k + k + 2*z + 8 = 0, 4*z = -3*k + 26. Suppose 3*j - 117 = l - k*l, 4*j + 4*l - 148 = 0. Does 8 divide j?
False
Let u(t) = 6*t**2 - 4*t - 1. Let w be -1*4 - (11 + -49). Let f = w - 32. Is u(f) a multiple of 3?
True
Suppose -2*t + 4*u - 8 = 6*u, -11 = -t + 4*u. Let w = t - -21. Is w a multiple of 4?
True
Let z be 20/8*(0 - -6). Suppose -1055 + z = -4*d. Is 3 a factor of d/36 + 2/(-9)?
False
Suppose 3*c = -1693 + 1963. Does 10 divide c?
True
Let u = 63 - 42. Is u a multiple of 20?
False
Does 23 divide (2706/9)/((-8)/(-12))?
False
Let c(a) = -218*a + 10 + 202*a - 5*a**2 + 3*a**2. Is c(-8) a multiple of 10?
True
Suppose 2*m - 1 = -3. Let h be (24 + 2)/(m/(-3)). Suppose -4*c = -66 - h. Does 18 divide c?
True
Suppose 7 = -2*y - 1, -2*t + 3*y = -9684. Is t a multiple of 111?
False
Suppose 0 = -w + 3*x - 302 + 940, -4*w + 3*x = -2507. Does 7 divide w?
True
Let w(p) = 136*p**2 + 20*p - 10. Is 8 a factor of w(2)?
False
Let k = -385 - -664. Is 9 a factor of k?
True
Let v(g) = -g**3 + 9*g**2 + 2*g - 2. Suppose 32 = 2*h + 2*h. Is v(h) a multiple of 13?
True
Suppose 3*b - 381 = -3*z, -28*z + b - 252 = -30*z. Is z a multiple of 25?
True
Let s = 235 - 115. Does 24 divide s?
True
Let a = -845 - -885. Is 40 a factor of a?
True
Suppose -14*h + 21*h - 6678 = 0. Does 9 divide h?
True
Let z = 48 + -46. Suppose -44 = -z*p + 152. Is p a multiple of 6?
False
Let w(l) = 6*l**2 - 37*l + 59. Is 12 a factor of w(29)?
True
Let v(x) = x**3 - x**2 - x + 9. Let h be v(0). Suppose -b + 3*u = -86, 0 = 3*u - h + 3. Is b a multiple of 31?
False
Let f(n) = 590*n - 67. Is f(1) a multiple of 7?
False
Suppose -z = -4, 2*l + 394 = -l - 2*z. Is 14 a factor of l/(-10) - 36/(-60)?
True
Suppose 0 = -5*r + 7*r - 6. Suppose -147 = -v - r. Let a = -82 + v. Is a a multiple of 15?
False
Suppose -23*m = 39*m - 3534. Does 3 divide m?
True
Does 2 divide 54 - (43/(-301))/(1/(-7))?
False
Suppose 0*o - 2*o = 0. Suppose o = -10*d + 9*d + 60. Is 20 a factor of d?
True
Is 224/168*63/2 a multiple of 4?
False
Let m be 4 + 0 + (-4 - -3). Suppose 0 = -m*f - 2*f - s + 18, 9 = 3*s. Suppose 5*l + 5 = 0, 3*l = -f*y - 0*y + 108. Does 17 divide y?
False
Let b(y) = y**3 + 14*y**2 + 2*y + 31. Let a be b(-14). Suppose 5*d = 2*s + 3*s - 230, -a*s + 126 = d. Does 17 divide s?
False
Let w = -367 + 4111. Does 24 divide w?
True
Let d(k) = k**3 - 21*k**2 - 3*k - 7. Let q(h) = 3*h**3 - 62*h**2 - 10*h - 20. Let o(j) = -7*d(j) + 2*q(j). Is 8 a factor of o(23)?
True
Let k = -1488 + 1772. Is k a multiple of 4?
True
Let r(v) = -8*v. Let z be r(-4). Let a be z/20 + (-4)/(-10). Suppose 2 = a*u - 30. Is 8 a factor of u?
True
Suppose -85 = -5*q + 175. Suppose 5*w - 2*k = 71 + 59, 2*w - q = 3*k. Is 21 a factor of w?
False
Is 1/((-1)/(-119))*138/21 a multiple of 34?
True
Suppose -217*a = -224*a + 1638. Does 6 divide a?
True
Suppose 2836 = 5*h + 416. Does 22 divide h?
True
Suppose -4*j + 2*s = -36, 18 = 3*j + 4*s + 2. Suppose 27 = 3*a - 5*y + 2*y, -5*a + 40 = -4*y. Let z = j - a. Does 2 divide z?
True
Suppose 23*f - 22*f - 5 = 0. Suppose -15 = -d - m + 32, -63 = -d - f*m. Is d a multiple of 13?
False
Suppose -2*d + 70 + 6 = 0. Does 19 divide d?
True
Let r be (-9)/(-3)*(-24)/(-9). Suppose 5*p - r = 2. Suppose -3 = 2*n + 5, 0 = p*s - n - 32. Is s a multiple of 5?
False
Let w(h) = 563*h + 128. Is 114 a factor of w(2)?
True
Suppose -k - 1 = -3*w, -2 = 2*k - 3*k + 2*w. Is 2 a factor of (-20)/(-10) - -1*k?
True
Suppose -26 = -2*t + 28. Suppose 0 = -4*w - 16, -4*n + 2*w + t = -93. Is n a multiple of 9?
False
Let q(o) = 12*o**2 - 8*o - 7. Does 17 divide q(4)?
True
Is (-12*40/12)/(11/(-242)) a multiple of 19?
False
Let s(r) = 6*r - 15. Suppose 2*k = 7*m - 2*m - 15, k + 8 = 3*m. Let h(b) = -b. Let q(v) = k*h(v) - s(v). Is q(0) a multiple of 15?
True
Suppose 90 = 2*k + 4*k. Suppose -17*l + k*l = -64. Is 16 a factor of l?
True
Does 32 divide 21/((-28)/4) - -291?
True
Let m(c) = 96*c**2 - 30*c - 12. Does 18 divide m(7)?
True
Let v = -326 - -331. Suppose 0*l = -l + 205. Suppose 4*m - 3*z = 192, -2*m - 3*m = v*z - l. Does 20 divide m?
False
Suppose 0 = -5*a + 4*w + 240, -w - 192 = -4*a + w. Suppose -r + 21 + a = 0. Is (5/3 - 0)*r a multiple of 23?
True
Let j(x) = -x**2 + 6*x + 2. Let f be j(6). Let q be (-28 - -1)/(f/(-18)). Let s = -171 + q. Is 17 a factor of s?
False
Let u = -8 + 12. Let q be 9 + -1 - (-1 + u). Suppose 11 = q*l - 29. Does 8 divide l?
True
Let i be (2 + 0/4)*1. Suppose i*d - 33 = 15. Is 19 a factor of -3*-2*76/d?
True
Let z be (-156)/(-182)*(8 + 0 + -1). Let s = 5 + 0. Suppose s*y + 0*d = -d + 43, z = 2*d. Is 4 a factor of y?
True
Let r be 10/3 + 5/(-15). Suppose 6*m = r*m + 15. Suppose -5*j + 346 - 99 = 2*u, m*j + 3*u - 248 = 0. Is j a multiple of 14?
False
Suppose 5 = -7*c + 12*c. Let y = 4 + c. Suppose y*k - 7*k + 8 = 0. Is 2 a factor of k?
True
Suppose 0 = 3*o - 4*i - 1 - 0, -6 = -3*i. Is 31 a factor of o/(3 + (-1884)/632)?
False
Let n(k) = -2 - 8*k - 2*k + 3 + 8*k. Is 11 a factor of n(-16)?
True
Suppose 21*i - 1060 = 16*i. Is i a multiple of 17?
False
Let a(i) be the third derivative of -i**4/24 + 13*i**3/6 + i**2. Let o be a(8). Suppose -3*d = -o*d + 104. Is 26 a factor of d?
True
Let y(r) = -27*r**3 - 7*r - 6. Is y(-2) a multiple of 28?
True
Let z = 38 + -41. Let d be -2*(1 + 1 + z). Suppose -d*k - 2*p = -5*k + 413, 3*k - 4*p - 409 = 0. Is 20 a factor of k?
False
Suppose -11*u + 4007 + 2362 = 0. Is u a multiple of 23?
False
Let k(r) = -5*r**2 + 15*r + 9. Let d(z) = 11*z**2 - 31*z - 18. Let s(t) = -6*d(t) - 13*k(t). Let u be s(-7). Suppose -3*o = u*o - 592. Is 11 a factor of o?
False
Suppose 8*h - 10 = 3*h. Let y be (h + (-12)/(-4))*1. Suppose -11 = -y*u - d, -d = 4*u + 1 - 9. Does 2 divide u?
False
Suppose 13*y - 8*y - 1370 = -5*o, 546 = 2*y + 4*o. Is 15 a factor of y?
False
Let m(l) = 2*l + 104. Let s be m(0). Suppose -4*z + 2*w = -168, -2*z - 2*w - 2*w + s = 0. Does 22 divide z?
True
Let z(n) = -2*n**3 + 2*n**2 + 2*n - 1. Let l be z(2). Let j be ((-14)/5)/(l/75). Does 5 divide 306/j - 2/7?
False
Let w = -462 + 474. Does 6 divide w?
True
Let p = -381 - -454. Does 2 divide p?
False
Let a be ((-24)/(-10))/((-4)/(-30)). Let k = a - 15. Suppose t - 54 = 4*o, -t + 4*t = k*o + 126. Is 19 a factor of t?
True
Suppose -17*z + 225 = -4059. Is z a multiple of 21?
True
Suppose 2*d - 10 + 2 = 0. Suppose v - d*i - 11 = -i, 2*v - 4*i - 32 = 0. Does 5 divide v/4 - (-6)/(-4)?
True
Suppose s - 403 = -2*q, 0 = -s - 3*s + 4*q + 1576. Is s a multiple of 16?
False
Suppose 4*h + 12 = 0, 0*t = -t - h + 117. Suppose 25*g - 21*g = t. Is g a multiple of 20?
False
Let u(z) be the third derivative of z**5/15 - 19*z**4/24 - 13*z**3/6 + z**2 - 3. Is 29 a factor of u(9)?
False
Let d(n) = 2*n**2 + 14 - 15*n + 21 + 6. Is d(10) a multiple of 11?
False
Let q(f) = -2*f**3 + 5*f**2 + 8*f - 15. Let h be q(6). Does 11 divide h/(-4) - ((-6)/(-8) - 1)?
True
Suppose 0 = -3*u + 47 + 295. Doe